+ -10 + 3?
-5
What is -8 + 6 - (3 - 9)?
4
Calculate -14 + 6 + 6 + 8.
6
Calculate 6 + -12 - 0 - -7.
1
What is the value of -1 + -10 + 12 + 4?
5
Calculate 6 + (9 - (-9 + 25)).
-1
Calculate 8 - 17 - (-2 + -2).
-5
Calculate (2 - (24 - 4)) + 13.
-5
Evaluate -2 + 6 + -4 + -1 + 0.
-1
Calculate -3 + (3 - 2) + 6 + -9.
-5
Calculate -5 + 7 + 3 + -6.
-1
What is the value of -1 + -1 - (2 - 3)?
-1
What is the value of (1 - 6) + (12 - 7)?
0
What is the value of 1 + (11 + -14 - (-4 + 2))?
0
11 + 0 - (4 + -9 + 11)
5
2 + 4 + -9 - (-4 + 1)
0
What is 5 - (-6 - -10) - (0 + 2)?
-1
6 + -4 + 4 - 10
-4
Calculate 8 + 4 + (5 - 6 - 10).
1
What is the value of 3 + (4 - 6) - (1 - -2)?
-2
Evaluate -1 - (2 + -2) - (-9 + 7).
1
-7 + -2 + 5 + (4 - 4)
-4
Calculate (27 - 31) + 7 + -1.
2
What is the value of (10 + -4 - (0 + -1)) + -3?
4
What is 1 - (-5 - -2 - -1) - -2?
5
Calculate -10 - (-3 + 0 - 6).
-1
Calculate -5 + 1 - (8 - (3 + 5)).
-4
Evaluate 23 - 17 - (2 + 0 - 1).
5
Calculate -3 + (1 - -2) - 0.
0
Calculate -1 + -1 + (-4 - -2).
-4
Calculate (-3 - (1 + -1)) + 2.
-1
What is the value of 3 + (4 - (11 + 0))?
-4
3 + (0 - (2 + -3 - -2))
2
What is the value of (-1 - (-3 - 8)) + -1?
9
-5 - (-2 + (-3 - -3) - -3)
-6
What is 6 + -8 - ((1 - 2) + 1)?
-2
Calculate 7 + -17 + 4 + 1.
-5
Calculate -12 + 5 + (0 - -13).
6
Evaluate (7 - (5 + 0)) + (2 - 5).
-1
What is the value of (-6 + 1 - -5) + -1?
-1
-8 - 0 - (17 - 21) - -2
-2
Calculate (1 - 2) + 70 + -64.
5
Evaluate 3 - ((6 - (0 - -1)) + -1).
-1
What is (-2 + 6 - 6) + (-4 - -1)?
-5
What is the value of -146 + 139 - (-10 - 1)?
4
What is the value of 3 + (-6 - -8) - 5?
0
What is 9 + (4 - (-1 - (-4 + -6)))?
4
What is the value of 11 + (-12 - (-3 - -10))?
-8
What is -1 - (2 - (2 + -3)) - -3?
-1
23 + -22 + -4 + 13
10
Calculate 1 + (-3 - 1) + (-5 - -6).
-2
Evaluate 13 + -12 + (0 - -1).
2
What is the value of 6 + (5 - 2 - 12)?
-3
Calculate (-4 - (-3 - 0)) + -2.
-3
What is 4 - (1 + 4 - 0)?
-1
Evaluate 7 + (10 - 12) - (2 + -1).
4
What is 3 + (2 - 11) + 1 + 1?
-4
Calculate (12 + -24 - -9) + (0 - -11).
8
Evaluate (-2 - -1) + (1 - (-10 + 9)).
1
Calculate 11 - 8 - (0 + -1).
4
(-2 - (-2 - 0)) + (2 - -1)
3
Calculate 14 - 17 - -10 - -1.
8
2 - (-1 + (0 - -7))
-4
What is the value of -1 - (7 - (-3 - -7 - 1))?
-5
Evaluate 2 + (1 - 2) - 1.
0
Evaluate (4 + -12 - -6) + -4.
-6
What is the value of (9 - (0 - 7)) + -11?
5
Evaluate (-4 - -9) + 7 - 3.
9
What is 10 + (-8 - (2 + -3))?
3
-11 - -5 - -4 - 3
-5
13 + 0 + (-17 - -8)
4
Evaluate -1 + (2 - 4) + 1 - 2.
-4
What is 3 - (-7 + (9 - -6))?
-5
What is 2 + -2 + (-2 - (5 + -10))?
3
What is the value of 4 + -2 - (7 + -2) - -9?
6
-1 - (0 + -1 + 4)
-4
Calculate -12 + (-9 + 2 - -10).
-9
2 + 5 + -1 + -3
3
What is the value of -2 + -3 + 9 + -1 + -9?
-6
What is -5 - (11 - 5 - (10 - 0))?
-1
-3 + (-6 - (-1 + -7 + 4))
-5
-12 + (17 - (9 + -14))
10
17 + -17 + -3 + 8
5
Calculate (39 - 44) + (1 - 0) + 11.
7
What is the value of 2 + (-12 - -1) - -6?
-3
What is -11 - -16 - (6 - (-4 + 4))?
-1
Calculate 4 - -1 - (-3 - -8).
0
What is the value of (10 - 0) + (-2 + -15 - -15)?
8
Calculate (27 - 28) + 1 + 0 + 2.
2
Calculate (-11 - 1) + 66 + -60.
-6
Evaluate -5 + (6 - 2) + 5.
4
What is the value of (4 - 0) + (1 - 2 - 2)?
1
What is the value of -1 + (-7 - (-1 + -1 + -1))?
-5
What is the value of (5 - (-2 - -9)) + -6?
-8
-1 + 7 + -5 - (2 - 6)
5
1 + -4 - (0 - (-1 + 4))
0
Calculate -1 + 3 + (-66 - -60).
-4
What is the value of 3 + 1 + -4 + -5?
-5
Evaluate 2 - -10 - 8 - 1.
3
What is the value of -1 + (-2 - -4) + 6?
7
Calculate 1 - (0 - 1) - (7 - 8).
3
Calculate -3 - 2 - -4 - 0 - 9.
-10
What is 0 + (3 - 0) - (2 - 4)?
5
Evaluate 1 - -1 - (-5 - -10).
-3
What is the value of -52 - -47 - (-2 - 1)?
-2
6 - (8 + -3 + -1)
2
-6 - (-23 + 7) - (-1 - -5)
6
Calculate (1 - 4) + (10 - -1) + -3.
5
What is 5 + (5 - 13) + 8?
5
Calculate 3 + (-6 - -6 - (2 + 1)).
0
Calculate 33 + -21 - (-5 + 16).
1
What is the value of 2 - (-2 - -8) - -8?
4
Evaluate 36 + -19 - (-1 + 9).
9
What is -8 - ((-7 - 8) + 11)?
-4
Evaluate -6 - -3 - (-1 + (-3 - 2)).
3
Evaluate (6 - 10) + 1 + (4 - 0).
1
-2 + -4 + (8 - -2) + -8
-4
0 + 11 + -1 + -6 + -6
-2
Evaluate (5 - 5) + -2 - (-3 + -1).
2
-4 - ((0 - -2) + -9)
3
(13 + -9 - (5 + -1)) + 1
1
What is 7 - 3 - 1 - 11?
-8
(3 + -3 - 12) + 7
-5
Evaluate 2 + -7 + (-25 - -24).
-6
0 + 0 + 4 - (27 + -26)
3
What is -79 - -76 - (-7 - (1 + 0))?
5
What is the value of -4 - (1 + -3 + 4 + -7)?
1
Calculate 5 - 1 - (11 - 5 - 5).
3
Calculate 2 + -6 + 3 - 3 - -2.
-2
Evaluate (-3 - 1) + (0 - -2).
-2
What is 0 - -1 - (8 - 5) - 3?
-5
Calculate (-5 - 0 - -1) + 1 + 6.
3
(-5 - -8) + (-2 - 0)
1
What is the value of -1 + 5 + (-20 - (-26 + 15))?
-5
What is the value of -10 - (-2 + 1) - (77 + -82)?
-4
Calculate 27 + -26 - (-6 + 1 - -1).
5
Evaluate 4 + 0 + (-13 - -8).
-1
Calculate -103 - -107 - (0 + 1 - 3).
6
(0 - -2) + 10 + (10 - 24)
-2
Evaluate (-4 - -2) + 1 - (37 - 43).
5
What is 3 - 2 - (9 - 7)?
-1
Calculate (2 - (-1 - 4)) + -7.
0
What is the value of 3 + (2 - 5) + 3?
3
Calculate ((-3 - 2) + 0 - -3) + 2.
0
-9 + -10 - -8 - 0
-11
Evaluate (-21 - (-1 + -9)) + 18.
7
Evaluate -5 - (-5 + (1 - -7) + -4).
-4
Evaluate 8 - (6 - (-7 - -6)).
1
What is (-47 - -13) + 15 + 9?
-10
Calculate (-1 + 0 - 0) + 4.
3
Calculate (-83 - -81) + (1 - -7).
6
Calculate -4 + (0 - -6) + -6 - -4.
0
Evaluate 2 - (-1 - 1) - 5.
-1
What is the value of (0 - -1) + (4 - -1 - 9)?
-3
What is 1 + 0 + 4 + -17 + 8?
-4
Calculate -2 + 2 + 0 + 5.
5
What is (-2 - -2 - -3) + 2 + -4?
1
What is the value of -9 - (-2 + -9 + 6)?
-4
-6 + (5 - -1) + -2 + 6
4
Evaluate -7 + -1 - (22 - 31).
1
Calculate 12 - 6 - (2 - 0).
4
What is (-7 - 1) + (7 - 3) + 10?
6
What is the value of -4 - (3 + -7 + 2)?
-2
Evaluate 4 - ((-10 - -5) + 11).
-2
Calculate -7 - (-6 + 1) - -6.
4
What is the value of 0 + -4 + (-9 - -8)?
-5
Calculate 4 - ((-2 - -12) + 0).
-6
What is (2 - 1 - (5 - 0)) + 8?
4
What is 6 - (-10 + 6 - -12)?
-2
Calculate 0 - -2 - (41 + -43).
4
Calculate 3 - 4 - (-2 - -7) - -4.
-2
Calculate 4 + (-1 - (1 - -4)).
-2
Evaluate (8 - 3) + -2 + -6.
-3
-3 + 2 + -3 - (0 - 6)
2
What is the value of -9 + (0 + -1 - -3)?
-7
What is the value of -2 + 0 - (0 - (2 - 2))?
-2
Evaluate 0 + 0 + (1 - -3).
4
Calculate -4 - (1 - (-1 + 5)).
-1
Calculate -1 + (-5 + 1 - -5 - -4).
4
4 - (63 + -64 + (-1 - 1))
7
-1 + 4 + (4 - 4)
3
What is 2 + (-1 - (5 - 3))?
-1
What is -3 - (-1 + -5) - (6 - 0)?
-3
What is the value of 1 - 9 - (-54 - -50)?
-4
Evaluate 4 - (3 + 1 - 1).
1
What is -4 + 6 - (-3 + 5 - -1)?
-1
What is 1 + -1 + 7 + -6?
1
Evaluate (1 - 16 - (-20 + 22)) + 7.
-10
Evaluate 3 + 1 + -2 + 0.
2
(9 - 7) + 2 + -5
-1
What is -3 + 9 + (5 + -11 - 0)?
0
Calculate -4 - (4 + -3 + -1).
-4
What is -13 + (1 - -5) - -2?
-5
-6 + (8 - (-2 - -5))
-1
What is 9 + (5 - 11) + -1 + 1?
3
Calculate (-6 - -5) + 2 + -1 + -5.
-5
Calculate 5 - -4 - (6 + -1).
4
Calculate 3 + -3 + 7 + -4 + 0.
3
What is (0 - 2 - -5) + (22 - 24)?
1
What is 1 + 0 + -10 + -11 + 21?
1
Evaluate 19 + -15 + -3 + (2 - 1).
2
3 - (0 - -5) - (-3 - -4)
-3
What is the value of (-3 - (24 - 30)) + -12 + 1?
-8
What is the value of 5 - ((0 - (-2 - 0)) + 2)?
1
What is the value of 1 + -9 + (-3 - -7)?
-4
Evaluate -11 - (8 + 2 + -19).
-2
What is -5 + (-9 - -9) - -9?
4
Calculate (-6 - 1) + -1 + (-8 - -6).
-10
What is (-3 + -3 - -15) + -8?
1
What is 2 + -1 + (3 - (0 - -3))?
1
Calculate (2 - 3) + -18 + (4 - -6).
-9
What is -8 + 5 + 0 + (5 - 3)?
-1
Calculate -7 - -5 - (-14 - -16).
-4
What is -1 + -1 + -11 + 14 - 2?
-1
Evaluate (7 - 4) + 2 + 0 + 0.
5
Calculate 0 + (2 - 8) + 1.
-5
What is the value of -10 - -9 - -11 - 13?
-3
Evaluate -8 - (9 + -21 + 10).
-6
What is -11 - (-12 - (0 + 5))?
6
Evaluate 11 - (-7 + 3 + 9).
6
What is 8 + -12 + 2 + 5?
3
-8 - (-6 - 4) - (-1 + 0)
3
What is -3 + (-7 - -14) + -7?
-3
(-1 - 1) + (5 + 1 - 2)
2
Evaluate (-24 - -27) + (-2 - -1 - -2).
4
What is the value of 2 + 0 + 15 + -36 + 13?
-6
-4 + (4 - (-2 + 3))
-1
What is the value of -11 - (-4 + 2 + -4)?
-5
Evaluate 9 - (9 - 5 - (-1 - -5)).
9
What is the value of 22 + -12 - (3 + -1)?
8
Evaluate 2 + 1 - (-4 + 0 + 8).
-1
What is 0 + 1 + -2 + (-23 - -25)?
1
Calculate -2 + 10 + (12 - 15).
5
13 + -5 + -5 + 2 + -2
3
What is the value of (0 + 3 - 1) + 1?
3
Evaluate 11 + -1 + (-4 - 1).
5
What is (0 - 1 - 0 - -1) + -1?
-1
What is -64 - -72 - (11 - 0)?
-3
What is the v